{"id":5385,"date":"2025-07-21T11:43:35","date_gmt":"2025-07-21T09:43:35","guid":{"rendered":"https:\/\/hiddenhotels.com\/gran-hotel-ingles\/politica-de-cookies\/"},"modified":"2025-08-20T08:11:12","modified_gmt":"2025-08-20T06:11:12","slug":"politica-de-cookies","status":"publish","type":"page","link":"https:\/\/hiddenhotels.com\/gran-hotel-ingles\/politica-de-cookies\/","title":{"rendered":"Pol\u00edtica de Cookies"},"content":{"rendered":"\t\t<div data-elementor-type=\"wp-page\" data-elementor-id=\"5385\" class=\"elementor elementor-5385\" data-elementor-post-type=\"page\">\n\t\t\t\t<div class=\"elementor-element elementor-element-6f145e0a e-flex e-con-boxed e-con e-parent\" data-id=\"6f145e0a\" data-element_type=\"container\">\n\t\t\t\t\t<div class=\"e-con-inner\">\n\t\t\t\t<div class=\"elementor-element elementor-element-523a710e elementor-widget elementor-widget-heading\" data-id=\"523a710e\" data-element_type=\"widget\" data-widget_type=\"heading.default\">\n\t\t\t\t<div class=\"elementor-widget-container\">\n\t\t\t\t\t<h2 class=\"elementor-heading-title elementor-size-default\">Pol\u00edtica de Cookies<\/h2>\t\t\t\t<\/div>\n\t\t\t\t<\/div>\n\t\t\t\t<div class=\"elementor-element elementor-element-623a20c elementor-widget elementor-widget-html\" data-id=\"623a20c\" data-element_type=\"widget\" data-widget_type=\"html.default\">\n\t\t\t\t<div class=\"elementor-widget-container\">\n\t\t\t\t\t<script id=\"CookieDeclaration\" src=\"https:\/\/consent.cookiebot.com\/0b0cbadd-cfb1-4eea-8ade-d96e6589f0af\/cd.js\" type=\"text\/javascript\" async><\/script>\t\t\t\t<\/div>\n\t\t\t\t<\/div>\n\t\t\t\t\t<\/div>\n\t\t\t\t<\/div>\n\t\t\t\t<\/div>\n\t\t","protected":false},"excerpt":{"rendered":"<p>Pol\u00edtica de Cookies<\/p>\n","protected":false},"author":1,"featured_media":0,"parent":0,"menu_order":0,"comment_status":"closed","ping_status":"closed","template":"","meta":{"_acf_changed":false,"footnotes":""},"class_list":["post-5385","page","type-page","status-publish","hentry"],"acf":[],"yoast_head":"<!-- This site is optimized with the Yoast SEO plugin v25.3 - https:\/\/yoast.com\/wordpress\/plugins\/seo\/ -->\n<title>Pol\u00edtica de Cookies | Gran Hotel Ingl\u00e9s<\/title>\n<meta name=\"description\" content=\"Inf\u00f3rmese sobre el uso de cookies en la web del Gran Hotel Ingl\u00e9s. Consulte qu\u00e9 datos se recogen, con qu\u00e9 fines y c\u00f3mo puede gestionar sus preferencias.\" \/>\n<meta name=\"robots\" content=\"noindex, nofollow\" \/>\n<meta property=\"og:locale\" content=\"es_ES\" \/>\n<meta property=\"og:type\" content=\"article\" \/>\n<meta property=\"og:title\" content=\"Pol\u00edtica de Cookies | Gran Hotel Ingl\u00e9s\" \/>\n<meta property=\"og:description\" content=\"Inf\u00f3rmese sobre el uso de cookies en la web del Gran Hotel Ingl\u00e9s. Consulte qu\u00e9 datos se recogen, con qu\u00e9 fines y c\u00f3mo puede gestionar sus preferencias.\" \/>\n<meta property=\"og:url\" content=\"https:\/\/hiddenhotels.com\/gran-hotel-ingles\/politica-de-cookies\/\" \/>\n<meta property=\"og:site_name\" content=\"Gran Hotel Ingl\u00e9s\" \/>\n<meta property=\"article:modified_time\" content=\"2025-08-20T06:11:12+00:00\" \/>\n<meta property=\"og:image\" content=\"https:\/\/hiddenhotels.com\/gran-hotel-ingles\/wp-content\/uploads\/sites\/5\/2025\/07\/frame_1-scaled-1.webp\" \/>\n\t<meta property=\"og:image:width\" content=\"2560\" \/>\n\t<meta property=\"og:image:height\" content=\"2255\" \/>\n\t<meta property=\"og:image:type\" content=\"image\/webp\" \/>\n<meta name=\"twitter:card\" content=\"summary_large_image\" \/>\n<meta name=\"twitter:site\" content=\"@granhotelingles\" \/>\n<meta name=\"twitter:label1\" content=\"Tiempo de lectura\" \/>\n\t<meta name=\"twitter:data1\" content=\"6 minutos\" \/>\n<script type=\"application\/ld+json\" class=\"yoast-schema-graph\">{\"@context\":\"https:\/\/schema.org\",\"@graph\":[{\"@type\":\"WebPage\",\"@id\":\"https:\/\/hiddenhotels.com\/gran-hotel-ingles\/politica-de-cookies\/\",\"url\":\"https:\/\/hiddenhotels.com\/gran-hotel-ingles\/politica-de-cookies\/\",\"name\":\"Pol\u00edtica de Cookies | Gran Hotel Ingl\u00e9s\",\"isPartOf\":{\"@id\":\"https:\/\/hiddenhotels.com\/gran-hotel-ingles\/#website\"},\"datePublished\":\"2025-07-21T09:43:35+00:00\",\"dateModified\":\"2025-08-20T06:11:12+00:00\",\"description\":\"Inf\u00f3rmese sobre el uso de cookies en la web del Gran Hotel Ingl\u00e9s. Consulte qu\u00e9 datos se recogen, con qu\u00e9 fines y c\u00f3mo puede gestionar sus preferencias.\",\"breadcrumb\":{\"@id\":\"https:\/\/hiddenhotels.com\/gran-hotel-ingles\/politica-de-cookies\/#breadcrumb\"},\"inLanguage\":\"es\",\"potentialAction\":[{\"@type\":\"ReadAction\",\"target\":[\"https:\/\/hiddenhotels.com\/gran-hotel-ingles\/politica-de-cookies\/\"]}]},{\"@type\":\"BreadcrumbList\",\"@id\":\"https:\/\/hiddenhotels.com\/gran-hotel-ingles\/politica-de-cookies\/#breadcrumb\",\"itemListElement\":[{\"@type\":\"ListItem\",\"position\":1,\"name\":\"Portada\",\"item\":\"https:\/\/hiddenhotels.com\/gran-hotel-ingles\/\"},{\"@type\":\"ListItem\",\"position\":2,\"name\":\"Pol\u00edtica de Cookies\"}]},{\"@type\":\"WebSite\",\"@id\":\"https:\/\/hiddenhotels.com\/gran-hotel-ingles\/#website\",\"url\":\"https:\/\/hiddenhotels.com\/gran-hotel-ingles\/\",\"name\":\"Gran Hotel Ingl\u00e9s\",\"description\":\"Hotel boutique con encanto e historia en el centro de Madrid, en el Barrio de las letras.\",\"publisher\":{\"@id\":\"https:\/\/hiddenhotels.com\/gran-hotel-ingles\/#organization\"},\"alternateName\":\"Gran Hotel Ingl\u00e9s Madrid\",\"potentialAction\":[{\"@type\":\"SearchAction\",\"target\":{\"@type\":\"EntryPoint\",\"urlTemplate\":\"https:\/\/hiddenhotels.com\/gran-hotel-ingles\/?s={search_term_string}\"},\"query-input\":{\"@type\":\"PropertyValueSpecification\",\"valueRequired\":true,\"valueName\":\"search_term_string\"}}],\"inLanguage\":\"es\"},{\"@type\":\"Organization\",\"@id\":\"https:\/\/hiddenhotels.com\/gran-hotel-ingles\/#organization\",\"name\":\"Gran Hotel Ingl\u00e9s\",\"alternateName\":\"Gran Hotel Ingl\u00e9s Madrid\",\"url\":\"https:\/\/hiddenhotels.com\/gran-hotel-ingles\/\",\"logo\":{\"@type\":\"ImageObject\",\"inLanguage\":\"es\",\"@id\":\"https:\/\/hiddenhotels.com\/gran-hotel-ingles\/#\/schema\/logo\/image\/\",\"url\":\"https:\/\/hiddenhotels.com\/gran-hotel-ingles\/wp-content\/uploads\/sites\/5\/2025\/07\/Show-Brunch-Gran-Hotel-Ingles-Madrid-Calle-Echegaray-Musica-En-Directo-En-Vivo-3.jpg\",\"contentUrl\":\"https:\/\/hiddenhotels.com\/gran-hotel-ingles\/wp-content\/uploads\/sites\/5\/2025\/07\/Show-Brunch-Gran-Hotel-Ingles-Madrid-Calle-Echegaray-Musica-En-Directo-En-Vivo-3.jpg\",\"width\":512,\"height\":381,\"caption\":\"Gran Hotel Ingl\u00e9s\"},\"image\":{\"@id\":\"https:\/\/hiddenhotels.com\/gran-hotel-ingles\/#\/schema\/logo\/image\/\"},\"sameAs\":[\"https:\/\/x.com\/granhotelingles\",\"https:\/\/www.instagram.com\/granhotelingles\/\"]}]}<\/script>\n<!-- \/ Yoast SEO plugin. -->","yoast_head_json":{"title":"Pol\u00edtica de Cookies | Gran Hotel Ingl\u00e9s","description":"Inf\u00f3rmese sobre el uso de cookies en la web del Gran Hotel Ingl\u00e9s. Consulte qu\u00e9 datos se recogen, con qu\u00e9 fines y c\u00f3mo puede gestionar sus preferencias.","robots":{"index":"noindex","follow":"nofollow"},"og_locale":"es_ES","og_type":"article","og_title":"Pol\u00edtica de Cookies | Gran Hotel Ingl\u00e9s","og_description":"Inf\u00f3rmese sobre el uso de cookies en la web del Gran Hotel Ingl\u00e9s. Consulte qu\u00e9 datos se recogen, con qu\u00e9 fines y c\u00f3mo puede gestionar sus preferencias.","og_url":"https:\/\/hiddenhotels.com\/gran-hotel-ingles\/politica-de-cookies\/","og_site_name":"Gran Hotel Ingl\u00e9s","article_modified_time":"2025-08-20T06:11:12+00:00","og_image":[{"width":2560,"height":2255,"url":"https:\/\/hiddenhotels.com\/gran-hotel-ingles\/wp-content\/uploads\/sites\/5\/2025\/07\/frame_1-scaled-1.webp","type":"image\/webp"}],"twitter_card":"summary_large_image","twitter_site":"@granhotelingles","twitter_misc":{"Tiempo de lectura":"6 minutos"},"schema":{"@context":"https:\/\/schema.org","@graph":[{"@type":"WebPage","@id":"https:\/\/hiddenhotels.com\/gran-hotel-ingles\/politica-de-cookies\/","url":"https:\/\/hiddenhotels.com\/gran-hotel-ingles\/politica-de-cookies\/","name":"Pol\u00edtica de Cookies | Gran Hotel Ingl\u00e9s","isPartOf":{"@id":"https:\/\/hiddenhotels.com\/gran-hotel-ingles\/#website"},"datePublished":"2025-07-21T09:43:35+00:00","dateModified":"2025-08-20T06:11:12+00:00","description":"Inf\u00f3rmese sobre el uso de cookies en la web del Gran Hotel Ingl\u00e9s. Consulte qu\u00e9 datos se recogen, con qu\u00e9 fines y c\u00f3mo puede gestionar sus preferencias.","breadcrumb":{"@id":"https:\/\/hiddenhotels.com\/gran-hotel-ingles\/politica-de-cookies\/#breadcrumb"},"inLanguage":"es","potentialAction":[{"@type":"ReadAction","target":["https:\/\/hiddenhotels.com\/gran-hotel-ingles\/politica-de-cookies\/"]}]},{"@type":"BreadcrumbList","@id":"https:\/\/hiddenhotels.com\/gran-hotel-ingles\/politica-de-cookies\/#breadcrumb","itemListElement":[{"@type":"ListItem","position":1,"name":"Portada","item":"https:\/\/hiddenhotels.com\/gran-hotel-ingles\/"},{"@type":"ListItem","position":2,"name":"Pol\u00edtica de Cookies"}]},{"@type":"WebSite","@id":"https:\/\/hiddenhotels.com\/gran-hotel-ingles\/#website","url":"https:\/\/hiddenhotels.com\/gran-hotel-ingles\/","name":"Gran Hotel Ingl\u00e9s","description":"Hotel boutique con encanto e historia en el centro de Madrid, en el Barrio de las letras.","publisher":{"@id":"https:\/\/hiddenhotels.com\/gran-hotel-ingles\/#organization"},"alternateName":"Gran Hotel Ingl\u00e9s Madrid","potentialAction":[{"@type":"SearchAction","target":{"@type":"EntryPoint","urlTemplate":"https:\/\/hiddenhotels.com\/gran-hotel-ingles\/?s={search_term_string}"},"query-input":{"@type":"PropertyValueSpecification","valueRequired":true,"valueName":"search_term_string"}}],"inLanguage":"es"},{"@type":"Organization","@id":"https:\/\/hiddenhotels.com\/gran-hotel-ingles\/#organization","name":"Gran Hotel Ingl\u00e9s","alternateName":"Gran Hotel Ingl\u00e9s Madrid","url":"https:\/\/hiddenhotels.com\/gran-hotel-ingles\/","logo":{"@type":"ImageObject","inLanguage":"es","@id":"https:\/\/hiddenhotels.com\/gran-hotel-ingles\/#\/schema\/logo\/image\/","url":"https:\/\/hiddenhotels.com\/gran-hotel-ingles\/wp-content\/uploads\/sites\/5\/2025\/07\/Show-Brunch-Gran-Hotel-Ingles-Madrid-Calle-Echegaray-Musica-En-Directo-En-Vivo-3.jpg","contentUrl":"https:\/\/hiddenhotels.com\/gran-hotel-ingles\/wp-content\/uploads\/sites\/5\/2025\/07\/Show-Brunch-Gran-Hotel-Ingles-Madrid-Calle-Echegaray-Musica-En-Directo-En-Vivo-3.jpg","width":512,"height":381,"caption":"Gran Hotel Ingl\u00e9s"},"image":{"@id":"https:\/\/hiddenhotels.com\/gran-hotel-ingles\/#\/schema\/logo\/image\/"},"sameAs":["https:\/\/x.com\/granhotelingles","https:\/\/www.instagram.com\/granhotelingles\/"]}]}},"_links":{"self":[{"href":"https:\/\/hiddenhotels.com\/gran-hotel-ingles\/wp-json\/wp\/v2\/pages\/5385","targetHints":{"allow":["GET"]}}],"collection":[{"href":"https:\/\/hiddenhotels.com\/gran-hotel-ingles\/wp-json\/wp\/v2\/pages"}],"about":[{"href":"https:\/\/hiddenhotels.com\/gran-hotel-ingles\/wp-json\/wp\/v2\/types\/page"}],"author":[{"embeddable":true,"href":"https:\/\/hiddenhotels.com\/gran-hotel-ingles\/wp-json\/wp\/v2\/users\/1"}],"replies":[{"embeddable":true,"href":"https:\/\/hiddenhotels.com\/gran-hotel-ingles\/wp-json\/wp\/v2\/comments?post=5385"}],"version-history":[{"count":11,"href":"https:\/\/hiddenhotels.com\/gran-hotel-ingles\/wp-json\/wp\/v2\/pages\/5385\/revisions"}],"predecessor-version":[{"id":7167,"href":"https:\/\/hiddenhotels.com\/gran-hotel-ingles\/wp-json\/wp\/v2\/pages\/5385\/revisions\/7167"}],"wp:attachment":[{"href":"https:\/\/hiddenhotels.com\/gran-hotel-ingles\/wp-json\/wp\/v2\/media?parent=5385"}],"curies":[{"name":"wp","href":"https:\/\/api.w.org\/{rel}","templated":true}]}}